vative of s(w). Let f = 1 + -1. Determine a(f).
0
Let r(d) be the first derivative of d**3/3 - 2*d**2 - 2*d + 496. Suppose -n + 75 = -5*l, 2*l + l + 5*n + 45 = 0. Let v be 25/10*(-36)/l. What is r(v)?
10
Suppose 7*r + 72 = 11*r. Suppose -4*v + t + 28 = 0, -16 = -4*v + t - 3*t. Let z(x) = -r*x + 1 + 13*x + v. Determine z(5).
-18
Let w(y) be the second derivative of 80*y - 7/6*y**4 - 1/20*y**5 + 5/2*y**2 - 2*y**3 + 0. Determine w(-13).
-8
Let c = -1905 - -1899. Let o(a) = a**2 - 5*a - 7. Calculate o(c).
59
Suppose 0 = -3*d + 3, -l - d = 2*d - 75. Let x = -69 + l. Suppose 4*t = -4*p + x*t + 9, -4*t + 17 = -3*p. Let m(f) = 7*f - 1. Give m(p).
6
Let a(p) = -29*p - 453. Let l(n) = 43*n + 726. Let s(x) = -8*a(x) - 5*l(x). Determine s(6).
96
Let w(y) = y**2 + y. Let j = 130 - 132. Let c be w(j). Let o(d) = -d**2 + 0*d**c + 0*d**2 - d + 11*d. What is o(7)?
21
Let i(n) = -2042323*n - 4 + 2042314*n - 3*n**2 - 8 + n**3. Determine i(6).
42
Let i(m) = 3*m - 37. Let f be i(16). Suppose -f*b + 2 = -31. Let w(n) = -b*n + 8*n - 1 + 2*n. Calculate w(2).
13
Let q(c) be the first derivative of 1/3*c**3 + 61 - 9/2*c**2 + 11*c. What is q(8)?
3
Suppose 187 = 40*i - 372 + 119. Let b(h) = -h**3 + 11*h**2 - 4*h + 11. What is b(i)?
-33
Let h(x) = -x**3 - 10*x**2 - 11*x - 7. Let a be 58/551 + (564/57 - -2). Suppose -5*v = 4*q - 2*v + 20, -4*q - 5*v - a = 0. What is h(q)?
-47
Let w(b) = 3*b**3 - 53*b**2 - 22*b + 78. Suppose 86*j - 406*j = -8571 + 2811. Calculate w(j).
6
Let y = -37 - -42. Let p(l) = -3*l**3 + l - 4. Let g(i) = 5*i**3 - 2*i + 6. Let k(v) = y*g(v) + 8*p(v). Give k(-2).
-6
Let m(o) be the third derivative of 1/6*o**4 - 3/2*o**3 + 0*o + 0 + 203*o**2. Determine m(5).
11
Let k(t) = -8*t - 9*t**2 + 42 - 59 - 9 + t**3. What is k(10)?
-6
Let s(a) = -a**2 - a + 1. Let i(k) = -2*k**2 - 8*k + 2. Let b be i(-4). Let g(v) = 3*v**2 + v + 3. Let z(h) = b*s(h) + g(h). Calculate z(0).
5
Let c = 18 - 16. Suppose c*i = 3*q - 15, i + 3*i = 3*q - 15. Let x(z) be the third derivative of z**6/120 + z**5/60 - z**4/24 + z**3/2 - 6*z**2. What is x(i)?
3
Let l be (-20)/(-15)*48/(-32) + 5. Let j(d) = -1 - 3*d + 0*d + 0*d. Give j(l).
-10
Let u(b) = b**3 + 4*b**2 + 2*b - 1. Let h be u(-3). Let m(x) = 3*x**2 - x - 2. Let k be m(-1). Let l(n) = 0*n + 11 - 12 + k*n. What is l(h)?
3
Let b(q) = q**3 + 13*q**2 + 12*q + 13. Let n = -66 + 69. Let c(r) = -25*r**2 + 344*r**3 - 346*r**n - 27*r + 4*r - 25. Let f(v) = 11*b(v) + 6*c(v). Give f(-6).
-7
Let p(z) be the third derivative of 3*z**6/20 - z**4/8 + z**3/2 - 3451*z**2. Calculate p(1).
18
Let r(i) = i**3 + 15*i**2 - 34*i - 1. Let w(a) = 2*a**2 - 228*a + 3300. Let j be w(17). What is r(j)?
-1
Let k(j) = -3*j + 11. Suppose -i + 438 = 5*g + 71, 764 = 2*i + 4*g. Let a = i + -382. Determine k(a).
-19
Let r(s) = 4 - 5 + 2*s + 2. Let t(u) = -4*u + 30. Let v be t(-4). Let g be 59/354 + v/12. Calculate r(g).
9
Let l = 122 + -114. Suppose 4*o - 4 + l = 0. Let i(z) = -15*z**3. Calculate i(o).
15
Let v(r) = -5*r - 21. Let g be v(-5). Suppose -3*x + 3 = 0, g*x + x = 3*y + 8. Let t(q) = -14*q**3 + q**2 + 2*q + 1. Give t(y).
14
Let r(l) = -13*l. Let d(i) = -i**2 + 23*i - 42. Suppose -65 - 15 = -4*u. Let o be d(u). Suppose 10*s = -8*s - o. Calculate r(s).
13
Let c(a) = -9*a + 13. Let o(h) = -30*h + 39. Let v(s) = -7*c(s) + 2*o(s). Give v(6).
5
Let g(z) = -13*z**3 + 20 + 28*z**3 + 8*z - 26*z - 4*z**3 - 15*z**2 - 12*z**3. Determine g(-14).
76
Let m(s) = s + 7 - 4 - s**2 - 2. Let k be m(-1). Let d(r) = 1 - 9 - 182339*r + 182332*r + 8. Determine d(k).
7
Let k(r) be the first derivative of -17*r**2/2 + 4*r + 1431. What is k(3)?
-47
Suppose -b - 15 = -3*r, -45 = -3*r + 8*b - 17*b. Let s(o) be the second derivative of 5/6*o**3 + 0 - o - 1/2*o**2 - 1/12*o**4. Calculate s(r).
-7
Let x(n) = 9*n**2 + 13*n - 9. Let z(t) = 4*t**2 + t - 1. Let a(i) = x(i) - 2*z(i). Determine a(-8).
-31
Let m(c) be the second derivative of -20*c**3/3 - 3*c**2 + 3634*c. Calculate m(3).
-126
Let q(r) = -r**3 + 5*r**2 - 3*r + 2. Let c be q(2). Suppose 6*x = -3*m + x + 14, 4*x + c = 4*m. Let d(z) = -z**2 + 4*z + 4. Calculate d(m).
7
Let x = 14264 - 14252. Let y(h) = h**2 - 6*h - 60. Give y(x).
12
Let y = 2290 + -54955/24. Let u(d) be the third derivative of 13*d**2 + 0 + 0*d + 1/2*d**3 + y*d**4 - 1/60*d**5. Calculate u(3).
9
Let v(g) be the second derivative of -g**5/20 + 3*g**4/4 + g**3/3 + 7*g**2/2 - 2110*g. Determine v(9).
25
Let a(v) = 2*v**2 + 2*v. Let j(f) = 4*f + 58. Let y be (-29 + 1)*((-2)/(-4) - 0). Let w be j(y). Determine a(w).
12
Suppose 23*g + 2208 = -g. Let o = g + 92. Let x(t) be the third derivative of t**5/60 + 2*t**3/3 + t**2. Give x(o).
4
Let s be ((-40)/(-25))/(1/15). Let u(t) = 2*t**3 - 46*t**2 - 50*t + 52. Determine u(s).
4
Let v(d) = -2*d**2 + 2*d + 1. Suppose -12*g - 176 = -g. Let i = 18 + g. Suppose i*f = 6*f + 4. Give v(f).
-3
Let m be (-1025)/25 + 24 - -19. Let d(v) be the second derivative of 0 + 28*v + 1/6*v**3 + 7/2*v**m. What is d(-8)?
-1
Let x(f) = -2*f**2 + 5*f - 4. Let w(y) = y**3 - y + 1. Let p(l) = 4*w(l) + x(l). Let v(k) = 6 - 19*k - k**2 + 4*k - 20 + 1. Let t be v(-14). Calculate p(t).
3
Let c be 1/(-2)*((-63)/15)/(213/710). Let i(o) = 2*o**2 - o - 45. What is i(c)?
46
Let b(z) = z**3 + 7*z**2 + 4*z - 4. Let h be b(-6). Suppose 12*g + 12 = 15*g. Let c(k) = -4*k + 5*k + 11 - k**2 + 2*k + g*k. What is c(h)?
3
Let t(l) = -3*l - 43. Let i(k) = 15*k - 290. Let j be i(18). Calculate t(j).
17
Let h(c) = -5*c + 1. Let p(t) = -13*t + 51. Let k(m) = 3*h(m) - p(m). Calculate k(-24).
0
Let m(l) = -l**3 - 4*l**2 + 13*l + 4. Suppose -1018 = 28*f - 66. Let h be f/6 + 20/(-60). Calculate m(h).
-2
Let p be ((-49)/(-2))/((-18)/(-4) - 4). Let w(o) = 2*o - 97 + p + 49. Determine w(8).
17
Let z(x) = 7*x - 7146 + 3573 + 3584 - 4*x. Calculate z(7).
32
Let t(s) = s**2 + s. Let a be (-6)/((-37)/22 - 8/(-44)). Suppose -a*u = -23 + 7. Give t(u).
20
Suppose -3*s = 1 - 10. Let t(k) = -s - k - 2 + 1. Let x = 8485 + -8491. What is t(x)?
2
Let y(w) be the third derivative of -w**5/60 - w**4/12 + 7*w**3/6 - 236*w**2. Let v(t) = 4*t**2 + 13*t + 3. Let d be v(-3). What is y(d)?
7
Let l(b) = 2*b. Suppose -18*t = -20*t. Suppose 5*f + 4 = 2*j, -6 = -3*j - t*f + 2*f. Suppose 3*g + 4*x = -5, 0 = g - x + j*x. Give l(g).
10
Let k(l) = 547 + 67*l + 32*l - 83*l. What is k(-34)?
3
Let f = -124 - -131. Let m(g) = 12715 + 9*g + g**2 - g**3 - f*g**2 - 12701. Give m(-7).
0
Let v(h) be the first derivative of -h**4/4 + 26*h**3/3 + 14*h**2 - 33*h + 2875. Determine v(27).
-6
Suppose -3*x - 694 = 4*i, -11*x - 522 = 3*i - 8*x. Let u = 171 + i. Let g(a) = -11*a**2 + 1. What is g(u)?
-10
Let r(o) = -o**2 + 23*o + 41. Suppose -45*v = -233*v + 952 + 3560. Give r(v).
17
Let a = -45 - -39. Let n(z) be the third derivative of z**5/60 + z**4/8 + z**3/3 - 3*z**2 - 14. Calculate n(a).
20
Let d = 236 - 226. Let q(t) be the first derivative of -t**3/3 + 5*t**2 + 86. What is q(d)?
0
Let v(w) = 245*w**2 - 492*w**2 - w + 245*w**2 + w**3. Let k = 0 - -15. Let s be k/(-60)*8/(-1). Give v(s).
-2
Let k = 116 + -123. Let j(d) = -7*d - 9. Let f(i) = -8*i - 10. Let c(w) = k*j(w) + 6*f(w). Determine c(-4).
-1
Suppose -2*y + 2*r + r = 0, 2*y + r = 0. Let b(l) = -2*l**2 + 4*l - 1. Let a(w) = 15*w**2 - 33*w - 5. Let k(u) = a(u) + 8*b(u). Give k(y).
-13
Suppose 66 = -13*c + 9*c + 3*i, c + 2*i = -11. Let v(n) = -3*n + 28. Give v(c).
73
Let c(o) be the second derivative of -4*o**3/3 - 10*o**2 - 12144*o. Determine c(-8).
44
Let n(d) = d**3 - 12*d**2 + 10*d + 14. Suppose -9 = -6*o + 5*o + 2*j, -j + 34 = 3*o. What is n(o)?
3
Let m(z) be the first derivative of 7*z - 1/2*z**2 - 242. Determine m(0).
7
Let j(a) = 4 - 2*a - 76 + 6*a + 34*a + 66*a**3 - 39*a**2 - 67*a**3. Let s be j(-40). Let n(l) = l**2 - 7*l + 5. What is n(s)?
13
Let a(d) = 11*d + 24. Let s be a(-2). Let h(b) = 8*b**2 - s*b + b**2 + 11 - b**3 - b**2. Suppose 2*v = -5*z + 11, 3*v - 4*v = -3*z - 11. Give h(v).
-5
Let t(x) = 39*x - 8. Suppose -72 - 61 = 23*u - 41. What is t(u)?
-164
Suppose 23*l = -4*l - 297. Let v(g) = g**3 + 13*g**2 + 25*g + 25. Let d be v(l). Let r(b) = b + 10. What is r(d)?
2
Suppose 390*s = 386*s - 32. Let c(j) = j**3 + 9*j**2 + 8*j + 3. What is c(s)?
3
Suppose 5*q + 5*g = 15, q - 16 = -3*q - 2*g. Let o(t) = 6*t - 3 - q - 3*t + 7*t**2 - t**3 + 5*t. Calcu